?
True
Does 117 divide 155727?
True
Does 2 divide 16021?
False
Is 22 a factor of 117506?
False
Is 67405 a multiple of 5?
True
Is 57729 a multiple of 7?
True
Does 25 divide 8122600?
True
Does 35 divide 3372911?
False
Does 12 divide 18294880?
False
Is 395634 a multiple of 466?
True
Is 15 a factor of 438793?
False
Does 56 divide 2027536?
True
Is 13998708 a multiple of 1434?
True
Is 479263 a multiple of 6?
False
Is 242 a factor of 377520?
True
Is 9 a factor of 7446168?
True
Is 107880 a multiple of 4?
True
Is 24 a factor of 249357?
False
Is 24405600 a multiple of 120?
True
Does 25 divide 365400?
True
Is 86 a factor of 415466?
True
Does 70 divide 356580?
True
Is 634412 a multiple of 129?
False
Is 1101 a factor of 3616986?
False
Is 10 a factor of 2129674?
False
Does 88 divide 84128?
True
Does 173 divide 968784?
False
Is 129 a factor of 361198?
False
Is 7 a factor of 3041646?
False
Does 89 divide 730915?
False
Does 178 divide 33995584?
False
Is 3165687 a multiple of 680?
False
Is 438696 a multiple of 277?
False
Is 1582580 a multiple of 106?
True
Does 8 divide 484898?
False
Does 22 divide 12396076?
True
Is 102 a factor of 751677?
False
Is 236 a factor of 18172?
True
Does 45 divide 13725?
True
Is 11 a factor of 243978?
False
Does 10 divide 11922146?
False
Is 160002 a multiple of 9?
True
Is 1531257 a multiple of 237?
True
Is 830 a factor of 1961990?
False
Does 32 divide 1344?
True
Is 901880 a multiple of 14?
True
Does 39 divide 840528?
True
Is 2648752 a multiple of 76?
True
Does 27 divide 7038827?
False
Is 97 a factor of 22982404?
True
Is 109 a factor of 4632282?
True
Is 237730 a multiple of 6?
False
Is 4926361 a multiple of 607?
False
Is 97405 a multiple of 40?
False
Does 13 divide 363602?
False
Does 197 divide 1235978?
True
Is 415264 a multiple of 20?
False
Does 24 divide 295632?
True
Is 1122609 a multiple of 124?
False
Does 25 divide 663600?
True
Is 91 a factor of 128765?
True
Is 247 a factor of 49759?
False
Is 4924406 a multiple of 10?
False
Does 6 divide 318732?
True
Does 48 divide 172656?
True
Does 427 divide 1191549?
False
Is 20 a factor of 178960?
True
Does 10 divide 447990?
True
Is 8 a factor of 228027?
False
Is 14 a factor of 534324?
True
Does 11 divide 6425793?
True
Does 50 divide 6730000?
True
Is 93129 a multiple of 80?
False
Is 11 a factor of 29117?
True
Is 37 a factor of 425759?
True
Is 100674 a multiple of 345?
False
Is 80 a factor of 184640?
True
Does 55 divide 3417393?
False
Does 30 divide 663544?
False
Is 3296576 a multiple of 42?
False
Does 162 divide 1358370?
True
Does 18 divide 597384?
True
Is 53664 a multiple of 6?
True
Does 6 divide 4555416?
True
Is 30 a factor of 509956?
False
Does 200 divide 65600?
True
Is 1586 a factor of 1982745?
False
Is 75 a factor of 268950?
True
Is 3 a factor of 921083?
False
Does 377 divide 894621?
True
Is 290646 a multiple of 16?
False
Is 382 a factor of 5000380?
True
Is 456 a factor of 33744?
True
Does 11 divide 318943?
False
Is 5226798 a multiple of 15?
False
Does 391 divide 952728?
False
Is 19 a factor of 779971?
False
Is 8 a factor of 103042?
False
Does 200 divide 145400?
True
Does 18 divide 21039?
False
Is 24 a factor of 1868616?
True
Is 16 a factor of 163384?
False
Is 2 a factor of 3699688?
True
Is 149680 a multiple of 404?
False
Is 1619 a multiple of 11?
False
Is 307 a factor of 2521391?
True
Is 88 a factor of 35024?
True
Does 217 divide 7441364?
True
Is 2688691 a multiple of 661?
False
Is 28 a factor of 541338?
False
Does 543 divide 1297227?
True
Is 846660 a multiple of 15?
True
Does 302 divide 353708?
False
Is 14 a factor of 2371991?
False
Is 650852 a multiple of 102?
False
Does 164 divide 2166906?
False
Is 8 a factor of 25489?
False
Does 8 divide 1687246?
False
Does 223 divide 171710?
True
Is 35 a factor of 69720?
True
Is 4168900 a multiple of 10?
True
Is 13 a factor of 3717363?
True
Is 45 a factor of 900?
True
Is 620687 a multiple of 28?
False
Is 455960 a multiple of 745?
False
Is 5 a factor of 154906?
False
Is 2422 a factor of 24433136?
True
Is 14367865 a multiple of 21?
False
Is 14895 a multiple of 5?
True
Does 28 divide 7706696?
False
Is 96 a factor of 1085376?
True
Is 259 a factor of 1562831?
False
Is 37 a factor of 17773?
False
Does 13 divide 79231?
False
Does 256 divide 188160?
True
Is 18 a factor of 203013?
False
Is 105976 a multiple of 13?
True
Is 179 a factor of 177508?
False
Does 13 divide 33474?
False
Does 179 divide 575108?
False
Is 13 a factor of 10709480?
False
Is 151 a factor of 77161?
True
Is 3 a factor of 1701?
True
Does 1257 divide 4312767?
True
Does 268 divide 7614952?
True
Is 796 a factor of 284968?
True
Is 3 a factor of 5497048?
False
Is 3820837 a multiple of 895?
False
Is 89 a factor of 3969109?
False
Is 3634580 a multiple of 20?
True
Is 66 a factor of 230010?
True
Does 141 divide 472209?
True
Is 9 a factor of 11380750?
False
Is 43 a factor of 418828?
False
Does 20 divide 482674?
False
Does 56 divide 8241408?
True
Is 116 a factor of 1668892?
True
Is 5 a factor of 1027769?
False
Is 7704327 a multiple of 110?
False
Is 3038826 a multiple of 34?
False
Does 43 divide 1132104?
True
Is 43386 a multiple of 120?
False
Does 2 divide 4616?
True
Is 85 a factor of 1209004?
False
Is 490 a factor of 139160?
True
Is 1424304 a multiple of 216?
True
Is 52376 a multiple of 131?
False
Is 71889 a multiple of 124?
False
Does 23 divide 40477?
False
Is 13 a factor of 570711?
False
Is 631 a factor of 74999?
False
Does 45 divide 1405710?
True
Is 8 a factor of 6875?
False
Is 109191 a multiple of 512?
False
Is 13 a factor of 725151?
False
Is 199073 a multiple of 7?
True
Does 238 divide 1706335?
False
Is 667249 a multiple of 7?
False
Does 45 divide 2235213?
False
Is 3 a factor of 16983?
True
Is 132083 a multiple of 5?
False
Is 1827555 a multiple of 223?
False
Is 11 a factor of 15834324?
True
Is 252 a factor of 53462?
False
Is 16 a factor of 435120?
True
Is 356040 a multiple of 230?
True
Is 142835 a multiple of 265?
True
Does 121 divide 466672?
False
Is 57 a factor of 195929?
False
Is 86 a factor of 257470?
False
Is 18 a factor of 3366?
True
Is 15 a factor of 45503?
False
Does 49 divide 366618?
True
Does 63 divide 989289?
True
Is 31 a factor of 78033?
False
Is 2098070 a multiple of 65?
True
Does 109 divide 4137071?
False
Does 607 divide 7248794?
True
Is 11 a factor of 836748?
True
Is 18924 a multiple of 76?
True
Does 82 divide 100616?
False
Does 42 divide 275?
False
Is 21 a factor of 949956?
True
Is 438 a factor of 511146?
True
Is 2403 a factor of 9780210?
True
Does 44 divide 235097?
False
Is 16 a factor of 211158?
False
Does 52 divide 70198?
False
Is 6864800 a multiple of 50?
True
Is 261144 a multiple of 702?
True
Does 661 divide 6038363?
False
Is 20905 a multiple of 5?
True
Does 23 divide 817878?
False
Is 352930 a multiple of 29?
True
Is 12546984 a multiple of 12?
True
Does 92 divide 2300184?
True
Is 30 a factor of 157260?
True
Does 17 divide 186439?
True
Is 5824911 a multiple of 51?
False
Is 201 a factor of 2455502?
False
Does 122 divide 2597014?
True
Is 2030825 a multiple of 12?
False
Is 1809720 a multiple of 10?
True
Is 1515736 a multiple of 17?
False
Is 899822 a multiple of 77?
True
Is 1083648 a multiple of 64?
True
Does 54 divide 165510?
True
Does 363 divide 586245?
True
Is 293014 a multiple of 613?
True
Is 522083 a multiple of 132?
False
Is 11 a factor of 409585?
True
Is 55352 a multiple of 88?
True
Is 50 a factor of 595770?
False
Is 1933152 a multiple of 13?
True
Does 32 divide 1884544?
True
Is 292 a factor of 434496?
True
Is 431 a factor of 92234?
True
Is 7939169 a multiple of 1093?
False
Is 5 a factor of 151670?
True
Is 100 a factor of 553788?
False
Does 125 divide 169527?
False
Does 14 divide 961298?
False
Is 6 a factor of 740742?
True
Does 46 divide 2615652?
True
Is 609654 a multiple of 102?
True
Is 1078308 a multiple of 66?
True
Is 474 a factor of 886515?
False
Is 2106 a multiple of 81?
True
Is 31 a factor of 798157?
True
Is 5 a factor of 31753?
False
Does 1407 divide 2778825?
True
Does 69 divide 131730?
False
Is 11 a factor of 3618905?
False
Is 143757 a multiple of 282?
False
Is 273096 a multiple of 268?
False
Is 1659951 a multiple of 4?
False
Does 174 divide 2801922?
True
Is 81093 a multiple of 3?
True
Is 96 a factor of 14995680?
True
Is 1292310 a multiple of 10?
True
Is 2064244 a 